{"id":136,"date":"2023-10-19T23:13:02","date_gmt":"2023-10-20T04:13:02","guid":{"rendered":"https:\/\/literary.maryland.edu.pe\/?page_id=136"},"modified":"2023-10-19T23:13:02","modified_gmt":"2023-10-20T04:13:02","slug":"quienes-somos","status":"publish","type":"page","link":"https:\/\/literary.maryland.edu.pe\/index.php\/quienes-somos\/","title":{"rendered":"\u00bfQuienes somos?"},"content":{"rendered":"<p style=\"text-align: center;\"><em>Un d\u00eda nos preguntamos, \u00bfC\u00f3mo podr\u00edamos ayudar a las personas de nuestra localidad para facilitar sus actividades escolares y de investigaci\u00f3n? y se nos ocurri\u00f3 crear una pagina sin fines de lucro que pueda ayudarlos a realizar todas sus tareas.<\/em><br \/>\n<em>Hola, somos Literary una p\u00e1gina con prop\u00f3sito caritativo, nosotros te brindaremos libros de distintos tipos de g\u00e9neros que te gustaran y te ayudaran para todas tus actividades, nuestro prop\u00f3sito es que puedas tener a tu disposici\u00f3n las 24 horas del d\u00eda un espacio tranquilo y de r\u00e1pido alcance para poder terminar tus tareas o culminar un gran libro.<\/em><br \/>\n<em>Esperamos ser de mucha ayuda para ti nuestro seguidor y no olvides!<\/em><br \/>\n<em>\u201cInsp\u00edrate crea, sue\u00f1a y todo es posible si lo intentas\u201d.<\/em><\/p>\n","protected":false},"excerpt":{"rendered":"<p>Un d\u00eda nos preguntamos, \u00bfC\u00f3mo podr\u00edamos ayudar a las personas de nuestra localidad para facilitar sus actividades escolares y de investigaci\u00f3n? y se nos ocurri\u00f3 crear una pagina sin fines de lucro que pueda ayudarlos a realizar todas sus tareas. Hola, somos Literary una p\u00e1gina con prop\u00f3sito caritativo, nosotros te [&hellip;]<\/p>\n","protected":false},"author":1,"featured_media":0,"parent":0,"menu_order":0,"comment_status":"closed","ping_status":"closed","template":"","meta":{"footnotes":""},"class_list":["post-136","page","type-page","status-publish","hentry"],"_links":{"self":[{"href":"https:\/\/literary.maryland.edu.pe\/index.php\/wp-json\/wp\/v2\/pages\/136","targetHints":{"allow":["GET"]}}],"collection":[{"href":"https:\/\/literary.maryland.edu.pe\/index.php\/wp-json\/wp\/v2\/pages"}],"about":[{"href":"https:\/\/literary.maryland.edu.pe\/index.php\/wp-json\/wp\/v2\/types\/page"}],"author":[{"embeddable":true,"href":"https:\/\/literary.maryland.edu.pe\/index.php\/wp-json\/wp\/v2\/users\/1"}],"replies":[{"embeddable":true,"href":"https:\/\/literary.maryland.edu.pe\/index.php\/wp-json\/wp\/v2\/comments?post=136"}],"version-history":[{"count":1,"href":"https:\/\/literary.maryland.edu.pe\/index.php\/wp-json\/wp\/v2\/pages\/136\/revisions"}],"predecessor-version":[{"id":137,"href":"https:\/\/literary.maryland.edu.pe\/index.php\/wp-json\/wp\/v2\/pages\/136\/revisions\/137"}],"wp:attachment":[{"href":"https:\/\/literary.maryland.edu.pe\/index.php\/wp-json\/wp\/v2\/media?parent=136"}],"curies":[{"name":"wp","href":"https:\/\/api.w.org\/{rel}","templated":true}]}}